{"id":584,"date":"2023-04-08T23:47:08","date_gmt":"2023-04-09T02:47:08","guid":{"rendered":"https:\/\/ejezeta.org\/bot\/?post_type=product&#038;p=584"},"modified":"2026-03-20T12:41:13","modified_gmt":"2026-03-20T15:41:13","slug":"servo-motor-sg90-180","status":"publish","type":"product","link":"https:\/\/ejezeta.org\/bot\/producto\/servo-motor-sg90-180\/","title":{"rendered":"Servo Motor SG90 180\u00b0"},"content":{"rendered":"<p><strong><em>Servo motor ideal para trabajar en los laboratorios de Rob\u00f3tica Aplicada (formaci\u00f3n continua)<\/em><\/strong><\/p>\n<p><em>Caracter\u00edsticas y Especificaciones:<\/em><\/p>\n<ul>\n<li>&#8211; Tipo de servo: Est\u00e1ndar o anal\u00f3gico<\/li>\n<li>Rotaci\u00f3n: 180\u00b0<\/li>\n<li>Voltaje de alimentaci\u00f3n m\u00ednima: 4.8V<\/li>\n<li>Voltaje de alimentaci\u00f3n m\u00e1xima: 6V<\/li>\n<li>Velocidad de operaci\u00f3n: 0.12 sec\/60grados<\/li>\n<li>Torque: 1.3 kg-cm<\/li>\n<li>Ancho de banda muerta: 10 us<\/li>\n<li>Temperatura de funcionamiento m\u00ednima: 0 \u00b0C<\/li>\n<li>Temperatura de funcionamiento m\u00e1xima: 55\u00b0 C<\/li>\n<li>Largo de cable: 20 cm<\/li>\n<li>Conector: 3 Pines<\/li>\n<li>Material de eje: Pl\u00e1stico<\/li>\n<li>Material de servo: Pl\u00e1stico<\/li>\n<li>Color: Azul<\/li>\n<\/ul>\n<blockquote><p>La marca del producto puede variar pero siempre buscamos que las calidades sean semejantes. Las fotos son ilustrativas.<\/p><\/blockquote>\n","protected":false},"excerpt":{"rendered":"<p>Servo motor ideal para trabajar en los laboratorios de Rob\u00f3tica Aplicada (formaci\u00f3n continua) Caracter\u00edsticas y Especificaciones: &#8211; Tipo de servo: Est\u00e1ndar o anal\u00f3gico Rotaci\u00f3n: 180\u00b0 Voltaje de alimentaci\u00f3n m\u00ednima: 4.8V Voltaje de alimentaci\u00f3n m\u00e1xima: 6V Velocidad de operaci\u00f3n: 0.12 sec\/60grados Torque: 1.3 kg-cm Ancho de banda muerta: 10 us Temperatura de funcionamiento m\u00ednima: 0 \u00b0C <a href=\"https:\/\/ejezeta.org\/bot\/producto\/servo-motor-sg90-180\/\" rel=\"nofollow\"><span class=\"sr-only\">Leer m\u00e1s sobreServo Motor SG90 180\u00b0<\/span>[&hellip;]<\/a><\/p>\n","protected":false},"featured_media":587,"comment_status":"closed","ping_status":"closed","template":"","meta":[],"product_brand":[],"product_cat":[57,59],"product_tag":[],"class_list":{"0":"post-584","1":"product","2":"type-product","3":"status-publish","4":"has-post-thumbnail","6":"product_cat-bot","7":"product_cat-componentes","9":"first","10":"outofstock","11":"shipping-taxable","12":"purchasable","13":"product-type-simple"},"yoast_head":"<!-- This site is optimized with the Yoast SEO plugin v26.9 - https:\/\/yoast.com\/product\/yoast-seo-wordpress\/ -->\n<title>Servo Motor SG90 180\u00b0 &#8212; BOT - Rob\u00f3tica Educativa<\/title>\n<meta name=\"robots\" content=\"index, follow, max-snippet:-1, max-image-preview:large, max-video-preview:-1\" \/>\n<link rel=\"canonical\" href=\"https:\/\/ejezeta.org\/bot\/producto\/servo-motor-sg90-180\/\" \/>\n<meta property=\"og:locale\" content=\"es_ES\" \/>\n<meta property=\"og:type\" content=\"article\" \/>\n<meta property=\"og:title\" content=\"Servo Motor SG90 180\u00b0 &#8212; BOT - Rob\u00f3tica Educativa\" \/>\n<meta property=\"og:description\" content=\"Servo motor ideal para trabajar en los laboratorios de Rob\u00f3tica Aplicada (formaci\u00f3n continua) Caracter\u00edsticas y Especificaciones: &#8211; Tipo de servo: Est\u00e1ndar o anal\u00f3gico Rotaci\u00f3n: 180\u00b0 Voltaje de alimentaci\u00f3n m\u00ednima: 4.8V Voltaje de alimentaci\u00f3n m\u00e1xima: 6V Velocidad de operaci\u00f3n: 0.12 sec\/60grados Torque: 1.3 kg-cm Ancho de banda muerta: 10 us Temperatura de funcionamiento m\u00ednima: 0 \u00b0C Leer m\u00e1s sobreServo Motor SG90 180\u00b0[&hellip;]\" \/>\n<meta property=\"og:url\" content=\"https:\/\/ejezeta.org\/bot\/producto\/servo-motor-sg90-180\/\" \/>\n<meta property=\"og:site_name\" content=\"BOT - Rob\u00f3tica Educativa\" \/>\n<meta property=\"article:publisher\" content=\"https:\/\/www.facebook.com\/roboticaeducativamza\" \/>\n<meta property=\"article:modified_time\" content=\"2026-03-20T15:41:13+00:00\" \/>\n<meta property=\"og:image\" content=\"https:\/\/ejezeta.org\/bot\/wp-content\/uploads\/2023\/04\/Tienda_ServoSG90-2.png\" \/>\n\t<meta property=\"og:image:width\" content=\"1080\" \/>\n\t<meta property=\"og:image:height\" content=\"1080\" \/>\n\t<meta property=\"og:image:type\" content=\"image\/png\" \/>\n<meta name=\"twitter:card\" content=\"summary_large_image\" \/>\n<meta name=\"twitter:site\" content=\"@roboticaeducativamza\" \/>\n<meta name=\"twitter:label1\" content=\"Tiempo de lectura\" \/>\n\t<meta name=\"twitter:data1\" content=\"1 minuto\" \/>\n<script type=\"application\/ld+json\" class=\"yoast-schema-graph\">{\"@context\":\"https:\/\/schema.org\",\"@graph\":[{\"@type\":\"WebPage\",\"@id\":\"https:\/\/ejezeta.org\/bot\/producto\/servo-motor-sg90-180\/\",\"url\":\"https:\/\/ejezeta.org\/bot\/producto\/servo-motor-sg90-180\/\",\"name\":\"Servo Motor SG90 180\u00b0 &#8212; BOT - Rob\u00f3tica Educativa\",\"isPartOf\":{\"@id\":\"https:\/\/ejezeta.org\/bot\/#website\"},\"primaryImageOfPage\":{\"@id\":\"https:\/\/ejezeta.org\/bot\/producto\/servo-motor-sg90-180\/#primaryimage\"},\"image\":{\"@id\":\"https:\/\/ejezeta.org\/bot\/producto\/servo-motor-sg90-180\/#primaryimage\"},\"thumbnailUrl\":\"https:\/\/ejezeta.org\/bot\/wp-content\/uploads\/2023\/04\/Tienda_ServoSG90-2-e1771344909932.png\",\"datePublished\":\"2023-04-09T02:47:08+00:00\",\"dateModified\":\"2026-03-20T15:41:13+00:00\",\"breadcrumb\":{\"@id\":\"https:\/\/ejezeta.org\/bot\/producto\/servo-motor-sg90-180\/#breadcrumb\"},\"inLanguage\":\"es-AR\",\"potentialAction\":[{\"@type\":\"ReadAction\",\"target\":[\"https:\/\/ejezeta.org\/bot\/producto\/servo-motor-sg90-180\/\"]}]},{\"@type\":\"ImageObject\",\"inLanguage\":\"es-AR\",\"@id\":\"https:\/\/ejezeta.org\/bot\/producto\/servo-motor-sg90-180\/#primaryimage\",\"url\":\"https:\/\/ejezeta.org\/bot\/wp-content\/uploads\/2023\/04\/Tienda_ServoSG90-2-e1771344909932.png\",\"contentUrl\":\"https:\/\/ejezeta.org\/bot\/wp-content\/uploads\/2023\/04\/Tienda_ServoSG90-2-e1771344909932.png\",\"width\":812,\"height\":680},{\"@type\":\"BreadcrumbList\",\"@id\":\"https:\/\/ejezeta.org\/bot\/producto\/servo-motor-sg90-180\/#breadcrumb\",\"itemListElement\":[{\"@type\":\"ListItem\",\"position\":1,\"name\":\"Inicio\",\"item\":\"https:\/\/ejezeta.org\/bot\/\"},{\"@type\":\"ListItem\",\"position\":2,\"name\":\"Tienda de Productos de Electr\u00f3nica\",\"item\":\"https:\/\/ejezeta.org\/bot\/tienda-electronica\/\"},{\"@type\":\"ListItem\",\"position\":3,\"name\":\"Servo Motor SG90 180\u00b0\"}]},{\"@type\":\"WebSite\",\"@id\":\"https:\/\/ejezeta.org\/bot\/#website\",\"url\":\"https:\/\/ejezeta.org\/bot\/\",\"name\":\"BOT - Rob\u00f3tica Educativa\",\"description\":\"Laboratorio de Rob\u00f3tica\",\"publisher\":{\"@id\":\"https:\/\/ejezeta.org\/bot\/#organization\"},\"potentialAction\":[{\"@type\":\"SearchAction\",\"target\":{\"@type\":\"EntryPoint\",\"urlTemplate\":\"https:\/\/ejezeta.org\/bot\/?s={search_term_string}\"},\"query-input\":{\"@type\":\"PropertyValueSpecification\",\"valueRequired\":true,\"valueName\":\"search_term_string\"}}],\"inLanguage\":\"es-AR\"},{\"@type\":\"Organization\",\"@id\":\"https:\/\/ejezeta.org\/bot\/#organization\",\"name\":\"Eje Zeta\",\"url\":\"https:\/\/ejezeta.org\/bot\/\",\"logo\":{\"@type\":\"ImageObject\",\"inLanguage\":\"es-AR\",\"@id\":\"https:\/\/ejezeta.org\/bot\/#\/schema\/logo\/image\/\",\"url\":\"https:\/\/ejezeta.org\/bot\/wp-content\/uploads\/2019\/08\/BOT_marca_sin_fondo.png\",\"contentUrl\":\"https:\/\/ejezeta.org\/bot\/wp-content\/uploads\/2019\/08\/BOT_marca_sin_fondo.png\",\"width\":1047,\"height\":617,\"caption\":\"Eje Zeta\"},\"image\":{\"@id\":\"https:\/\/ejezeta.org\/bot\/#\/schema\/logo\/image\/\"},\"sameAs\":[\"https:\/\/www.facebook.com\/roboticaeducativamza\",\"https:\/\/x.com\/roboticaeducativamza\",\"https:\/\/www.instagram.com\/roboticaeducativamza\/\",\"https:\/\/www.youtube.com\/channel\/UCqDYebO8TxeHNlCKOvwnqaw\"]}]}<\/script>\n<!-- \/ Yoast SEO plugin. -->","yoast_head_json":{"title":"Servo Motor SG90 180\u00b0 &#8212; BOT - Rob\u00f3tica Educativa","robots":{"index":"index","follow":"follow","max-snippet":"max-snippet:-1","max-image-preview":"max-image-preview:large","max-video-preview":"max-video-preview:-1"},"canonical":"https:\/\/ejezeta.org\/bot\/producto\/servo-motor-sg90-180\/","og_locale":"es_ES","og_type":"article","og_title":"Servo Motor SG90 180\u00b0 &#8212; BOT - Rob\u00f3tica Educativa","og_description":"Servo motor ideal para trabajar en los laboratorios de Rob\u00f3tica Aplicada (formaci\u00f3n continua) Caracter\u00edsticas y Especificaciones: &#8211; Tipo de servo: Est\u00e1ndar o anal\u00f3gico Rotaci\u00f3n: 180\u00b0 Voltaje de alimentaci\u00f3n m\u00ednima: 4.8V Voltaje de alimentaci\u00f3n m\u00e1xima: 6V Velocidad de operaci\u00f3n: 0.12 sec\/60grados Torque: 1.3 kg-cm Ancho de banda muerta: 10 us Temperatura de funcionamiento m\u00ednima: 0 \u00b0C Leer m\u00e1s sobreServo Motor SG90 180\u00b0[&hellip;]","og_url":"https:\/\/ejezeta.org\/bot\/producto\/servo-motor-sg90-180\/","og_site_name":"BOT - Rob\u00f3tica Educativa","article_publisher":"https:\/\/www.facebook.com\/roboticaeducativamza","article_modified_time":"2026-03-20T15:41:13+00:00","og_image":[{"width":1080,"height":1080,"url":"https:\/\/ejezeta.org\/bot\/wp-content\/uploads\/2023\/04\/Tienda_ServoSG90-2.png","type":"image\/png"}],"twitter_card":"summary_large_image","twitter_site":"@roboticaeducativamza","twitter_misc":{"Tiempo de lectura":"1 minuto"},"schema":{"@context":"https:\/\/schema.org","@graph":[{"@type":"WebPage","@id":"https:\/\/ejezeta.org\/bot\/producto\/servo-motor-sg90-180\/","url":"https:\/\/ejezeta.org\/bot\/producto\/servo-motor-sg90-180\/","name":"Servo Motor SG90 180\u00b0 &#8212; BOT - Rob\u00f3tica Educativa","isPartOf":{"@id":"https:\/\/ejezeta.org\/bot\/#website"},"primaryImageOfPage":{"@id":"https:\/\/ejezeta.org\/bot\/producto\/servo-motor-sg90-180\/#primaryimage"},"image":{"@id":"https:\/\/ejezeta.org\/bot\/producto\/servo-motor-sg90-180\/#primaryimage"},"thumbnailUrl":"https:\/\/ejezeta.org\/bot\/wp-content\/uploads\/2023\/04\/Tienda_ServoSG90-2-e1771344909932.png","datePublished":"2023-04-09T02:47:08+00:00","dateModified":"2026-03-20T15:41:13+00:00","breadcrumb":{"@id":"https:\/\/ejezeta.org\/bot\/producto\/servo-motor-sg90-180\/#breadcrumb"},"inLanguage":"es-AR","potentialAction":[{"@type":"ReadAction","target":["https:\/\/ejezeta.org\/bot\/producto\/servo-motor-sg90-180\/"]}]},{"@type":"ImageObject","inLanguage":"es-AR","@id":"https:\/\/ejezeta.org\/bot\/producto\/servo-motor-sg90-180\/#primaryimage","url":"https:\/\/ejezeta.org\/bot\/wp-content\/uploads\/2023\/04\/Tienda_ServoSG90-2-e1771344909932.png","contentUrl":"https:\/\/ejezeta.org\/bot\/wp-content\/uploads\/2023\/04\/Tienda_ServoSG90-2-e1771344909932.png","width":812,"height":680},{"@type":"BreadcrumbList","@id":"https:\/\/ejezeta.org\/bot\/producto\/servo-motor-sg90-180\/#breadcrumb","itemListElement":[{"@type":"ListItem","position":1,"name":"Inicio","item":"https:\/\/ejezeta.org\/bot\/"},{"@type":"ListItem","position":2,"name":"Tienda de Productos de Electr\u00f3nica","item":"https:\/\/ejezeta.org\/bot\/tienda-electronica\/"},{"@type":"ListItem","position":3,"name":"Servo Motor SG90 180\u00b0"}]},{"@type":"WebSite","@id":"https:\/\/ejezeta.org\/bot\/#website","url":"https:\/\/ejezeta.org\/bot\/","name":"BOT - Rob\u00f3tica Educativa","description":"Laboratorio de Rob\u00f3tica","publisher":{"@id":"https:\/\/ejezeta.org\/bot\/#organization"},"potentialAction":[{"@type":"SearchAction","target":{"@type":"EntryPoint","urlTemplate":"https:\/\/ejezeta.org\/bot\/?s={search_term_string}"},"query-input":{"@type":"PropertyValueSpecification","valueRequired":true,"valueName":"search_term_string"}}],"inLanguage":"es-AR"},{"@type":"Organization","@id":"https:\/\/ejezeta.org\/bot\/#organization","name":"Eje Zeta","url":"https:\/\/ejezeta.org\/bot\/","logo":{"@type":"ImageObject","inLanguage":"es-AR","@id":"https:\/\/ejezeta.org\/bot\/#\/schema\/logo\/image\/","url":"https:\/\/ejezeta.org\/bot\/wp-content\/uploads\/2019\/08\/BOT_marca_sin_fondo.png","contentUrl":"https:\/\/ejezeta.org\/bot\/wp-content\/uploads\/2019\/08\/BOT_marca_sin_fondo.png","width":1047,"height":617,"caption":"Eje Zeta"},"image":{"@id":"https:\/\/ejezeta.org\/bot\/#\/schema\/logo\/image\/"},"sameAs":["https:\/\/www.facebook.com\/roboticaeducativamza","https:\/\/x.com\/roboticaeducativamza","https:\/\/www.instagram.com\/roboticaeducativamza\/","https:\/\/www.youtube.com\/channel\/UCqDYebO8TxeHNlCKOvwnqaw"]}]}},"jetpack_sharing_enabled":true,"_links":{"self":[{"href":"https:\/\/ejezeta.org\/bot\/wp-json\/wp\/v2\/product\/584","targetHints":{"allow":["GET"]}}],"collection":[{"href":"https:\/\/ejezeta.org\/bot\/wp-json\/wp\/v2\/product"}],"about":[{"href":"https:\/\/ejezeta.org\/bot\/wp-json\/wp\/v2\/types\/product"}],"replies":[{"embeddable":true,"href":"https:\/\/ejezeta.org\/bot\/wp-json\/wp\/v2\/comments?post=584"}],"wp:featuredmedia":[{"embeddable":true,"href":"https:\/\/ejezeta.org\/bot\/wp-json\/wp\/v2\/media\/587"}],"wp:attachment":[{"href":"https:\/\/ejezeta.org\/bot\/wp-json\/wp\/v2\/media?parent=584"}],"wp:term":[{"taxonomy":"product_brand","embeddable":true,"href":"https:\/\/ejezeta.org\/bot\/wp-json\/wp\/v2\/product_brand?post=584"},{"taxonomy":"product_cat","embeddable":true,"href":"https:\/\/ejezeta.org\/bot\/wp-json\/wp\/v2\/product_cat?post=584"},{"taxonomy":"product_tag","embeddable":true,"href":"https:\/\/ejezeta.org\/bot\/wp-json\/wp\/v2\/product_tag?post=584"}],"curies":[{"name":"wp","href":"https:\/\/api.w.org\/{rel}","templated":true}]}}