{"id":561,"date":"2023-04-07T22:03:57","date_gmt":"2023-04-08T01:03:57","guid":{"rendered":"https:\/\/ejezeta.org\/bot\/?post_type=product&#038;p=561"},"modified":"2026-01-27T09:08:20","modified_gmt":"2026-01-27T12:08:20","slug":"protoboard-400-puntos","status":"publish","type":"product","link":"https:\/\/ejezeta.org\/bot\/producto\/protoboard-400-puntos\/","title":{"rendered":"Protoboard 400 Puntos"},"content":{"rendered":"<p><em><strong>Placa de Prueba. Ideal para estudiantes iniciales y avanzados en electr\u00f3nica<\/strong><\/em><\/p>\n<p><em>Caracter\u00edsticas y Especificaciones:<\/em><\/p>\n<ul>\n<li>2 buses de alimentaci\u00f3n<\/li>\n<li>Tama\u00f1o: 8,5&#215;5,5 cm<\/li>\n<li>Espaciado est\u00e1ndar de 0.1<\/li>\n<li>Acepta alambres en el rango de calibres 29 \u2013 20 AWG<\/li>\n<li>Acabado en pl\u00e1stico blanco<\/li>\n<li>400 puntos de contacto<\/li>\n<\/ul>\n<blockquote><p>La marca del producto puede variar pero siempre buscamos que las calidades sean semejantes. Las fotos son ilustrativas.<\/p><\/blockquote>\n","protected":false},"excerpt":{"rendered":"<p>Placa de Prueba. Ideal para estudiantes iniciales y avanzados en electr\u00f3nica Caracter\u00edsticas y Especificaciones: 2 buses de alimentaci\u00f3n Tama\u00f1o: 8,5&#215;5,5 cm Espaciado est\u00e1ndar de 0.1 Acepta alambres en el rango de calibres 29 \u2013 20 AWG Acabado en pl\u00e1stico blanco 400 puntos de contacto La marca del producto puede variar pero siempre buscamos que las <a href=\"https:\/\/ejezeta.org\/bot\/producto\/protoboard-400-puntos\/\" rel=\"nofollow\"><span class=\"sr-only\">Leer m\u00e1s sobreProtoboard 400 Puntos<\/span>[&hellip;]<\/a><\/p>\n","protected":false},"featured_media":562,"comment_status":"closed","ping_status":"closed","template":"","meta":[],"product_brand":[],"product_cat":[57,58],"product_tag":[],"class_list":{"0":"post-561","1":"product","2":"type-product","3":"status-publish","4":"has-post-thumbnail","6":"product_cat-bot","7":"product_cat-herramientas","9":"first","10":"onbackorder","11":"shipping-taxable","12":"purchasable","13":"product-type-simple"},"yoast_head":"<!-- This site is optimized with the Yoast SEO plugin v26.9 - https:\/\/yoast.com\/product\/yoast-seo-wordpress\/ -->\n<title>Protoboard 400 Puntos &#8212; BOT - Rob\u00f3tica Educativa<\/title>\n<meta name=\"robots\" content=\"index, follow, max-snippet:-1, max-image-preview:large, max-video-preview:-1\" \/>\n<link rel=\"canonical\" href=\"https:\/\/ejezeta.org\/bot\/producto\/protoboard-400-puntos\/\" \/>\n<meta property=\"og:locale\" content=\"es_ES\" \/>\n<meta property=\"og:type\" content=\"article\" \/>\n<meta property=\"og:title\" content=\"Protoboard 400 Puntos &#8212; BOT - Rob\u00f3tica Educativa\" \/>\n<meta property=\"og:description\" content=\"Placa de Prueba. Ideal para estudiantes iniciales y avanzados en electr\u00f3nica Caracter\u00edsticas y Especificaciones: 2 buses de alimentaci\u00f3n Tama\u00f1o: 8,5&#215;5,5 cm Espaciado est\u00e1ndar de 0.1 Acepta alambres en el rango de calibres 29 \u2013 20 AWG Acabado en pl\u00e1stico blanco 400 puntos de contacto La marca del producto puede variar pero siempre buscamos que las Leer m\u00e1s sobreProtoboard 400 Puntos[&hellip;]\" \/>\n<meta property=\"og:url\" content=\"https:\/\/ejezeta.org\/bot\/producto\/protoboard-400-puntos\/\" \/>\n<meta property=\"og:site_name\" content=\"BOT - Rob\u00f3tica Educativa\" \/>\n<meta property=\"article:publisher\" content=\"https:\/\/www.facebook.com\/roboticaeducativamza\" \/>\n<meta property=\"article:modified_time\" content=\"2026-01-27T12:08:20+00:00\" \/>\n<meta property=\"og:image\" content=\"https:\/\/ejezeta.org\/bot\/wp-content\/uploads\/2023\/04\/Tienda_Protoboard400.png\" \/>\n\t<meta property=\"og:image:width\" content=\"1080\" \/>\n\t<meta property=\"og:image:height\" content=\"1080\" \/>\n\t<meta property=\"og:image:type\" content=\"image\/png\" \/>\n<meta name=\"twitter:card\" content=\"summary_large_image\" \/>\n<meta name=\"twitter:site\" content=\"@roboticaeducativamza\" \/>\n<meta name=\"twitter:label1\" content=\"Tiempo de lectura\" \/>\n\t<meta name=\"twitter:data1\" content=\"1 minuto\" \/>\n<script type=\"application\/ld+json\" class=\"yoast-schema-graph\">{\"@context\":\"https:\/\/schema.org\",\"@graph\":[{\"@type\":\"WebPage\",\"@id\":\"https:\/\/ejezeta.org\/bot\/producto\/protoboard-400-puntos\/\",\"url\":\"https:\/\/ejezeta.org\/bot\/producto\/protoboard-400-puntos\/\",\"name\":\"Protoboard 400 Puntos &#8212; BOT - Rob\u00f3tica Educativa\",\"isPartOf\":{\"@id\":\"https:\/\/ejezeta.org\/bot\/#website\"},\"primaryImageOfPage\":{\"@id\":\"https:\/\/ejezeta.org\/bot\/producto\/protoboard-400-puntos\/#primaryimage\"},\"image\":{\"@id\":\"https:\/\/ejezeta.org\/bot\/producto\/protoboard-400-puntos\/#primaryimage\"},\"thumbnailUrl\":\"https:\/\/ejezeta.org\/bot\/wp-content\/uploads\/2023\/04\/Tienda_Protoboard400-e1771345154966.png\",\"datePublished\":\"2023-04-08T01:03:57+00:00\",\"dateModified\":\"2026-01-27T12:08:20+00:00\",\"breadcrumb\":{\"@id\":\"https:\/\/ejezeta.org\/bot\/producto\/protoboard-400-puntos\/#breadcrumb\"},\"inLanguage\":\"es-AR\",\"potentialAction\":[{\"@type\":\"ReadAction\",\"target\":[\"https:\/\/ejezeta.org\/bot\/producto\/protoboard-400-puntos\/\"]}]},{\"@type\":\"ImageObject\",\"inLanguage\":\"es-AR\",\"@id\":\"https:\/\/ejezeta.org\/bot\/producto\/protoboard-400-puntos\/#primaryimage\",\"url\":\"https:\/\/ejezeta.org\/bot\/wp-content\/uploads\/2023\/04\/Tienda_Protoboard400-e1771345154966.png\",\"contentUrl\":\"https:\/\/ejezeta.org\/bot\/wp-content\/uploads\/2023\/04\/Tienda_Protoboard400-e1771345154966.png\",\"width\":907,\"height\":706},{\"@type\":\"BreadcrumbList\",\"@id\":\"https:\/\/ejezeta.org\/bot\/producto\/protoboard-400-puntos\/#breadcrumb\",\"itemListElement\":[{\"@type\":\"ListItem\",\"position\":1,\"name\":\"Inicio\",\"item\":\"https:\/\/ejezeta.org\/bot\/\"},{\"@type\":\"ListItem\",\"position\":2,\"name\":\"Tienda de Productos de Electr\u00f3nica\",\"item\":\"https:\/\/ejezeta.org\/bot\/tienda-electronica\/\"},{\"@type\":\"ListItem\",\"position\":3,\"name\":\"Protoboard 400 Puntos\"}]},{\"@type\":\"WebSite\",\"@id\":\"https:\/\/ejezeta.org\/bot\/#website\",\"url\":\"https:\/\/ejezeta.org\/bot\/\",\"name\":\"BOT - Rob\u00f3tica Educativa\",\"description\":\"Laboratorio de Rob\u00f3tica\",\"publisher\":{\"@id\":\"https:\/\/ejezeta.org\/bot\/#organization\"},\"potentialAction\":[{\"@type\":\"SearchAction\",\"target\":{\"@type\":\"EntryPoint\",\"urlTemplate\":\"https:\/\/ejezeta.org\/bot\/?s={search_term_string}\"},\"query-input\":{\"@type\":\"PropertyValueSpecification\",\"valueRequired\":true,\"valueName\":\"search_term_string\"}}],\"inLanguage\":\"es-AR\"},{\"@type\":\"Organization\",\"@id\":\"https:\/\/ejezeta.org\/bot\/#organization\",\"name\":\"Eje Zeta\",\"url\":\"https:\/\/ejezeta.org\/bot\/\",\"logo\":{\"@type\":\"ImageObject\",\"inLanguage\":\"es-AR\",\"@id\":\"https:\/\/ejezeta.org\/bot\/#\/schema\/logo\/image\/\",\"url\":\"https:\/\/ejezeta.org\/bot\/wp-content\/uploads\/2019\/08\/BOT_marca_sin_fondo.png\",\"contentUrl\":\"https:\/\/ejezeta.org\/bot\/wp-content\/uploads\/2019\/08\/BOT_marca_sin_fondo.png\",\"width\":1047,\"height\":617,\"caption\":\"Eje Zeta\"},\"image\":{\"@id\":\"https:\/\/ejezeta.org\/bot\/#\/schema\/logo\/image\/\"},\"sameAs\":[\"https:\/\/www.facebook.com\/roboticaeducativamza\",\"https:\/\/x.com\/roboticaeducativamza\",\"https:\/\/www.instagram.com\/roboticaeducativamza\/\",\"https:\/\/www.youtube.com\/channel\/UCqDYebO8TxeHNlCKOvwnqaw\"]}]}<\/script>\n<!-- \/ Yoast SEO plugin. -->","yoast_head_json":{"title":"Protoboard 400 Puntos &#8212; BOT - Rob\u00f3tica Educativa","robots":{"index":"index","follow":"follow","max-snippet":"max-snippet:-1","max-image-preview":"max-image-preview:large","max-video-preview":"max-video-preview:-1"},"canonical":"https:\/\/ejezeta.org\/bot\/producto\/protoboard-400-puntos\/","og_locale":"es_ES","og_type":"article","og_title":"Protoboard 400 Puntos &#8212; BOT - Rob\u00f3tica Educativa","og_description":"Placa de Prueba. Ideal para estudiantes iniciales y avanzados en electr\u00f3nica Caracter\u00edsticas y Especificaciones: 2 buses de alimentaci\u00f3n Tama\u00f1o: 8,5&#215;5,5 cm Espaciado est\u00e1ndar de 0.1 Acepta alambres en el rango de calibres 29 \u2013 20 AWG Acabado en pl\u00e1stico blanco 400 puntos de contacto La marca del producto puede variar pero siempre buscamos que las Leer m\u00e1s sobreProtoboard 400 Puntos[&hellip;]","og_url":"https:\/\/ejezeta.org\/bot\/producto\/protoboard-400-puntos\/","og_site_name":"BOT - Rob\u00f3tica Educativa","article_publisher":"https:\/\/www.facebook.com\/roboticaeducativamza","article_modified_time":"2026-01-27T12:08:20+00:00","og_image":[{"width":1080,"height":1080,"url":"https:\/\/ejezeta.org\/bot\/wp-content\/uploads\/2023\/04\/Tienda_Protoboard400.png","type":"image\/png"}],"twitter_card":"summary_large_image","twitter_site":"@roboticaeducativamza","twitter_misc":{"Tiempo de lectura":"1 minuto"},"schema":{"@context":"https:\/\/schema.org","@graph":[{"@type":"WebPage","@id":"https:\/\/ejezeta.org\/bot\/producto\/protoboard-400-puntos\/","url":"https:\/\/ejezeta.org\/bot\/producto\/protoboard-400-puntos\/","name":"Protoboard 400 Puntos &#8212; BOT - Rob\u00f3tica Educativa","isPartOf":{"@id":"https:\/\/ejezeta.org\/bot\/#website"},"primaryImageOfPage":{"@id":"https:\/\/ejezeta.org\/bot\/producto\/protoboard-400-puntos\/#primaryimage"},"image":{"@id":"https:\/\/ejezeta.org\/bot\/producto\/protoboard-400-puntos\/#primaryimage"},"thumbnailUrl":"https:\/\/ejezeta.org\/bot\/wp-content\/uploads\/2023\/04\/Tienda_Protoboard400-e1771345154966.png","datePublished":"2023-04-08T01:03:57+00:00","dateModified":"2026-01-27T12:08:20+00:00","breadcrumb":{"@id":"https:\/\/ejezeta.org\/bot\/producto\/protoboard-400-puntos\/#breadcrumb"},"inLanguage":"es-AR","potentialAction":[{"@type":"ReadAction","target":["https:\/\/ejezeta.org\/bot\/producto\/protoboard-400-puntos\/"]}]},{"@type":"ImageObject","inLanguage":"es-AR","@id":"https:\/\/ejezeta.org\/bot\/producto\/protoboard-400-puntos\/#primaryimage","url":"https:\/\/ejezeta.org\/bot\/wp-content\/uploads\/2023\/04\/Tienda_Protoboard400-e1771345154966.png","contentUrl":"https:\/\/ejezeta.org\/bot\/wp-content\/uploads\/2023\/04\/Tienda_Protoboard400-e1771345154966.png","width":907,"height":706},{"@type":"BreadcrumbList","@id":"https:\/\/ejezeta.org\/bot\/producto\/protoboard-400-puntos\/#breadcrumb","itemListElement":[{"@type":"ListItem","position":1,"name":"Inicio","item":"https:\/\/ejezeta.org\/bot\/"},{"@type":"ListItem","position":2,"name":"Tienda de Productos de Electr\u00f3nica","item":"https:\/\/ejezeta.org\/bot\/tienda-electronica\/"},{"@type":"ListItem","position":3,"name":"Protoboard 400 Puntos"}]},{"@type":"WebSite","@id":"https:\/\/ejezeta.org\/bot\/#website","url":"https:\/\/ejezeta.org\/bot\/","name":"BOT - Rob\u00f3tica Educativa","description":"Laboratorio de Rob\u00f3tica","publisher":{"@id":"https:\/\/ejezeta.org\/bot\/#organization"},"potentialAction":[{"@type":"SearchAction","target":{"@type":"EntryPoint","urlTemplate":"https:\/\/ejezeta.org\/bot\/?s={search_term_string}"},"query-input":{"@type":"PropertyValueSpecification","valueRequired":true,"valueName":"search_term_string"}}],"inLanguage":"es-AR"},{"@type":"Organization","@id":"https:\/\/ejezeta.org\/bot\/#organization","name":"Eje Zeta","url":"https:\/\/ejezeta.org\/bot\/","logo":{"@type":"ImageObject","inLanguage":"es-AR","@id":"https:\/\/ejezeta.org\/bot\/#\/schema\/logo\/image\/","url":"https:\/\/ejezeta.org\/bot\/wp-content\/uploads\/2019\/08\/BOT_marca_sin_fondo.png","contentUrl":"https:\/\/ejezeta.org\/bot\/wp-content\/uploads\/2019\/08\/BOT_marca_sin_fondo.png","width":1047,"height":617,"caption":"Eje Zeta"},"image":{"@id":"https:\/\/ejezeta.org\/bot\/#\/schema\/logo\/image\/"},"sameAs":["https:\/\/www.facebook.com\/roboticaeducativamza","https:\/\/x.com\/roboticaeducativamza","https:\/\/www.instagram.com\/roboticaeducativamza\/","https:\/\/www.youtube.com\/channel\/UCqDYebO8TxeHNlCKOvwnqaw"]}]}},"jetpack_sharing_enabled":true,"_links":{"self":[{"href":"https:\/\/ejezeta.org\/bot\/wp-json\/wp\/v2\/product\/561","targetHints":{"allow":["GET"]}}],"collection":[{"href":"https:\/\/ejezeta.org\/bot\/wp-json\/wp\/v2\/product"}],"about":[{"href":"https:\/\/ejezeta.org\/bot\/wp-json\/wp\/v2\/types\/product"}],"replies":[{"embeddable":true,"href":"https:\/\/ejezeta.org\/bot\/wp-json\/wp\/v2\/comments?post=561"}],"wp:featuredmedia":[{"embeddable":true,"href":"https:\/\/ejezeta.org\/bot\/wp-json\/wp\/v2\/media\/562"}],"wp:attachment":[{"href":"https:\/\/ejezeta.org\/bot\/wp-json\/wp\/v2\/media?parent=561"}],"wp:term":[{"taxonomy":"product_brand","embeddable":true,"href":"https:\/\/ejezeta.org\/bot\/wp-json\/wp\/v2\/product_brand?post=561"},{"taxonomy":"product_cat","embeddable":true,"href":"https:\/\/ejezeta.org\/bot\/wp-json\/wp\/v2\/product_cat?post=561"},{"taxonomy":"product_tag","embeddable":true,"href":"https:\/\/ejezeta.org\/bot\/wp-json\/wp\/v2\/product_tag?post=561"}],"curies":[{"name":"wp","href":"https:\/\/api.w.org\/{rel}","templated":true}]}}